is divided by 18359.
5
Calculate the remainder when 316726 is divided by 6.
4
What is the remainder when 2607 is divided by 118?
11
What is the remainder when 19968 is divided by 3?
0
What is the remainder when 363135 is divided by 16?
15
Calculate the remainder when 628 is divided by 586.
42
What is the remainder when 1815 is divided by 866?
83
What is the remainder when 185438 is divided by 304?
302
What is the remainder when 95338 is divided by 47649?
40
Calculate the remainder when 33576 is divided by 218.
4
What is the remainder when 40100 is divided by 75?
50
Calculate the remainder when 2423613 is divided by 832.
829
Calculate the remainder when 160243 is divided by 313.
300
What is the remainder when 31106 is divided by 91?
75
What is the remainder when 6792 is divided by 6781?
11
Calculate the remainder when 17710 is divided by 2201.
102
Calculate the remainder when 2921 is divided by 133.
128
What is the remainder when 4110969 is divided by 2475?
2469
What is the remainder when 8493 is divided by 566?
3
Calculate the remainder when 4382 is divided by 392.
70
What is the remainder when 321860 is divided by 129?
5
What is the remainder when 2852471 is divided by 521?
517
What is the remainder when 224465 is divided by 55?
10
Calculate the remainder when 12708 is divided by 92.
12
What is the remainder when 18280 is divided by 962?
2
Calculate the remainder when 3254 is divided by 683.
522
What is the remainder when 2701 is divided by 2597?
104
Calculate the remainder when 572832 is divided by 10.
2
What is the remainder when 236971 is divided by 94?
91
What is the remainder when 602731 is divided by 28?
3
Calculate the remainder when 423360 is divided by 19.
2
What is the remainder when 4972 is divided by 4690?
282
What is the remainder when 232626 is divided by 1491?
30
Calculate the remainder when 1756 is divided by 310.
206
Calculate the remainder when 61 is divided by 30.
1
What is the remainder when 1015 is divided by 81?
43
What is the remainder when 1322 is divided by 2?
0
What is the remainder when 386246 is divided by 50?
46
Calculate the remainder when 30183 is divided by 143.
10
Calculate the remainder when 682 is divided by 240.
202
What is the remainder when 86374 is divided by 159?
37
Calculate the remainder when 52747 is divided by 9.
7
What is the remainder when 2355 is divided by 1174?
7
Calculate the remainder when 67795 is divided by 26.
13
What is the remainder when 8961 is divided by 1016?
833
What is the remainder when 16009 is divided by 1777?
16
Calculate the remainder when 51350 is divided by 94.
26
Calculate the remainder when 416187 is divided by 878.
15
Calculate the remainder when 17062 is divided by 2840.
22
Calculate the remainder when 11192 is divided by 100.
92
Calculate the remainder when 4037 is divided by 3471.
566
What is the remainder when 725 is divided by 66?
65
What is the remainder when 1268 is divided by 933?
335
What is the remainder when 20032 is divided by 6674?
10
What is the remainder when 157847 is divided by 655?
647
What is the remainder when 17269 is divided by 122?
67
Calculate the remainder when 1549 is divided by 160.
109
What is the remainder when 21436 is divided by 5341?
72
Calculate the remainder when 253041 is divided by 38.
37
Calculate the remainder when 28626 is divided by 14304.
18
Calculate the remainder when 366108 is divided by 401.
396
Calculate the remainder when 362078 is divided by 181011.
56
What is the remainder when 55336 is divided by 1287?
1282
Calculate the remainder when 1740 is divided by 432.
12
Calculate the remainder when 182948 is divided by 1678.
46
Calculate the remainder when 304482 is divided by 17910.
12
What is the remainder when 11077 is divided by 6?
1
What is the remainder when 14518 is divided by 764?
2
Calculate the remainder when 4281 is divided by 1415.
36
Calculate the remainder when 53062 is divided by 174.
166
Calculate the remainder when 726 is divided by 242.
0
Calculate the remainder when 119457 is divided by 23888.
17
Calculate the remainder when 25712 is divided by 77.
71
What is the remainder when 1183 is divided by 5?
3
Calculate the remainder when 33094 is divided by 28.
26
Calculate the remainder when 417942 is divided by 255.
252
What is the remainder when 1545 is divided by 17?
15
What is the remainder when 18109 is divided by 2581?
42
What is the remainder when 122523 is divided by 13?
11
Calculate the remainder when 235547 is divided by 2804.
11
Calculate the remainder when 6116 is divided by 1971.
203
Calculate the remainder when 349046 is divided by 16.
6
What is the remainder when 861426 is divided by 1129?
1128
Calculate the remainder when 6760 is divided by 88.
72
Calculate the remainder when 1302 is divided by 631.
40
Calculate the remainder when 435758 is divided by 57.
50
Calculate the remainder when 11100 is divided by 347.
343
What is the remainder when 25549 is divided by 1160?
29
Calculate the remainder when 111597 is divided by 36.
33
Calculate the remainder when 132985 is divided by 6041.
83
Calculate the remainder when 109884 is divided by 175.
159
What is the remainder when 3181 is divided by 26?
9
Calculate the remainder when 47735 is divided by 51.
50
Calculate the remainder when 2805 is divided by 27.
24
Calculate the remainder when 126657 is divided by 517.
509
What is the remainder when 1574529 is divided by 42?
33
Calculate the remainder when 132895 is divided by 11073.
19
Calculate the remainder when 13070 is divided by 43.
41
What is the remainder when 95896 is divided by 7991?
4
What is the remainder when 38883 is divided by 29?
23
What is the remainder when 19760 is divided by 41?
39
What is the remainder when 2869 is divided by 11?
9
What is the remainder when 9584 is divided by 186?
98
What is the remainder when 57666 is divided by 36?
30
Calculate the remainder when 1288 is divided by 433.
422
Calculate the remainder when 143934 is divided by 514.
14
What is the remainder when 2135 is divided by 704?
23
What is the remainder when 45094 is divided by 39?
10
What is the remainder when 9740 is divided by 249?
29
What is the remainder when 1900 is divided by 128?
108
Calculate the remainder when 605276 is divided by 109.
108
Calculate the remainder when 6063 is divided by 73.
4
Calculate the remainder when 335529 is divided by 134.
127
Calculate the remainder when 29879 is divided by 118.
25
Calculate the remainder when 5732 is divided by 1648.
788
What is the remainder when 11282 is divided by 1025?
7
What is the remainder when 14862 is divided by 201?
189
What is the remainder when 34145 is divided by 76?
21
What is the remainder when 7763 is divided by 7763?
0
Calculate the remainder when 35744 is divided by 716.
660
What is the remainder when 20715 is divided by 20699?
16
Calculate the remainder when 355991 is divided by 44497.
15
What is the remainder when 3345 is divided by 894?
663
What is the remainder when 93853 is divided by 65?
58
Calculate the remainder when 3021 is divided by 361.
133
Calculate the remainder when 168938 is divided by 16.
10
What is the remainder when 1052697 is divided by 210538?
7
What is the remainder when 1712 is divided by 1614?
98
What is the remainder when 285309 is divided by 128?
125
Calculate the remainder when 522608 is divided by 91.
86
Calculate the remainder when 12001 is divided by 1706.
59
Calculate the remainder when 618 is divided by 359.
259
Calculate the remainder when 41155 is divided by 72.
43
What is the remainder when 584 is divided by 150?
134
Calculate the remainder when 630 is divided by 315.
0
What is the remainder when 7681 is divided by 74?
59
Calculate the remainder when 505534 is divided by 48.
46
What is the remainder when 1945 is divided by 232?
89
What is the remainder when 878 is divided by 824?
54
Calculate the remainder when 59540 is divided by 14.
12
What is the remainder when 37396 is divided by 12441?
73
Calculate the remainder when 48285 is divided by 109.
107
What is the remainder when 15300 is divided by 251?
240
Calculate the remainder when 331963 is divided by 5.
3
What is the remainder when 4874 is divided by 4573?
301
What is the remainder when 2651 is divided by 2639?
12
What is the remainder when 436076 is divided by 9